Apr 15 08:57:17 spark sshd[12348]: pam_unix(sshd:auth): authentication failure; logname= uid=0 euid=0 tty=ssh ruser= rhost=183.3.202.111 user=root
Apr 15 08:57:18 spark sshd[12348]: Failed password for root from 183.3.202.111 port 51894 ssh2
Apr 15 08:57:19 spark sshd[12348]: pam_succeed_if(sshd:auth): requirement "uid >= 1000" not met by user "root"
Apr 15 08:57:21 spark sshd[12348]: Failed password for root from 183.3.202.111 port 51894 ssh2
Apr 15 08:57:21 spark sshd[12348]: pam_succeed_if(sshd:auth): requirement "uid >= 1000" not met by user "root"
Apr 15 08:57:21 spark sshd[12350]: pam_succeed_if(sshd:auth): requirement "uid >= 1000" not met by user "root"
Apr 15 08:57:21 spark sshd[12350]: pam_unix(sshd:auth): authentication failure; logname= uid=0 euid=0 tty=ssh ruser= rhost=182.100.67.59 user=root
Apr 15 08:57:23 spark sshd[12348]: Failed password for root from 183.3.202.111 port 51894 ssh2
Apr 15 08:57:24 spark sshd[12348]: PAM 2 more authentication failures; logname= uid=0 euid=0 tty=ssh ruser= rhost=183.3.202.111 user=root
Apr 15 08:57:24 spark sshd[12348]: Received disconnect from 183.3.202.111: 11: [preauth]
Apr 15 08:57:24 spark sshd[12350]: Failed password for root from 182.100.67.59 port 23615 ssh2
Apr 15 08:57:25 spark sshd[12350]: pam_succeed_if(sshd:auth): requirement "uid >= 1000" not met by user "root"
Apr 15 08:57:26 spark sshd[12350]: Failed password for root from 182.100.67.59 port 23615 ssh2
Apr 15 08:57:26 spark sshd[12352]: pam_succeed_if(sshd:auth): requirement "uid >= 1000" not met by user "root"
Apr 15 08:57:26 spark sshd[12352]: pam_unix(sshd:auth): authentication failure; logname= uid=0 euid=0 tty=ssh ruser= rhost=183.3.202.111 user=root
Apr 15 08:57:27 spark sshd[12350]: pam_succeed_if(sshd:auth): requirement "uid >= 1000" not met by user "root"
Apr 15 08:57:28 spark sshd[12352]: Failed password for root from 183.3.202.111 port 28112 ssh2
Apr 15 08:57:28 spark sshd[12352]: pam_succeed_if(sshd:auth): requirement "uid >= 1000" not met by user "root"
Apr 15 08:57:29 spark sshd[12350]: Failed password for root from 182.100.67.59 port 23615 ssh2
Apr 15 08:57:30 spark sshd[12350]: pam_succeed_if(sshd:auth): requirement "uid >= 1000" not met by user "root"
Apr 15 08:57:31 spark sshd[12352]: Failed password for root from 183.3.202.111 port 28112 ssh2
Apr 15 08:57:31 spark sshd[12352]: pam_succeed_if(sshd:auth): requirement "uid >= 1000" not met by user "root"
Apr 15 08:57:32 spark sshd[12350]: Failed password for root from 182.100.67.59 port 23615 ssh2
Apr 15 08:57:33 spark sshd[12352]: Failed password for root from 183.3.202.111 port 28112 ssh2
Apr 15 08:57:33 spark sshd[12352]: PAM 2 more authentication failures; logname= uid=0 euid=0 tty=ssh ruser= rhost=183.3.202.111 user=root
Apr 15 08:57:33 spark sshd[12352]: Received disconnect from 183.3.202.111: 11: [preauth]
Apr 15 08:57:35 spark sshd[12350]: pam_succeed_if(sshd:auth): requirement "uid >= 1000" not met by user "root"
Apr 15 08:57:35 spark sshd[12354]: pam_succeed_if(sshd:auth): requirement "uid >= 1000" not met by user "root"
Apr 15 08:57:35 spark sshd[12354]: pam_unix(sshd:auth): authentication failure; logname= uid=0 euid=0 tty=ssh ruser= rhost=183.3.202.111 user=root
Apr 15 08:57:36 spark sshd[12350]: Failed password for root from 182.100.67.59 port 23615 ssh2
Apr 15 08:57:37 spark sshd[12350]: pam_succeed_if(sshd:auth): requirement "uid >= 1000" not met by user "root"
Apr 15 08:57:37 spark sshd[12354]: Failed password for root from 183.3.202.111 port 62709 ssh2
Apr 15 08:57:37 spark sshd[12354]: pam_succeed_if(sshd:auth): requirement "uid >= 1000" not met by user "root"
Apr 15 08:57:39 spark sshd[12350]: Disconnecting: Too many authentication failures for root [preauth]
Apr 15 08:57:39 spark sshd[12350]: Failed password for root from 182.100.67.59 port 23615 ssh2
Apr 15 08:57:39 spark sshd[12350]: PAM 5 more authentication failures; logname= uid=0 euid=0 tty=ssh ruser= rhost=182.100.67.59 user=root
Apr 15 08:57:39 spark sshd[12350]: PAM service(sshd) ignoring max retries; 6 > 3
Apr 15 08:57:39 spark sshd[12354]: Failed password for root from 183.3.202.111 port 62709 ssh2
Apr 15 08:57:39 spark sshd[12354]: pam_succeed_if(sshd:auth): requirement "uid >= 1000" not met by user "root"
Apr 15 08:57:41 spark sshd[12354]: Failed password for root from 183.3.202.111 port 62709 ssh2
Apr 15 08:57:41 spark sshd[12354]: PAM 2 more authentication failures; logname= uid=0 euid=0 tty=ssh ruser= rhost=183.3.202.111 user=root
Apr 15 08:57:41 spark sshd[12354]: Received disconnect from 183.3.202.111: 11: [preauth]
Apr 15 08:57:43 spark sshd[12358]: pam_succeed_if(sshd:auth): requirement "uid >= 1000" not met by user "root"
Apr 15 08:57:43 spark sshd[12358]: pam_unix(sshd:auth): authentication failure; logname= uid=0 euid=0 tty=ssh ruser= rhost=183.3.202.111 user=root
Apr 15 08:57:45 spark sshd[12356]: pam_succeed_if(sshd:auth): requirement "uid >= 1000" not met by user "root"
Apr 15 08:57:45 spark sshd[12356]: pam_unix(sshd:auth): authentication failure; logname= uid=0 euid=0 tty=ssh ruser= rhost=182.100.67.59 user=root
Apr 15 08:57:46 spark sshd[12358]: Failed password for root from 183.3.202.111 port 35349 ssh2
Apr 15 08:57:46 spark sshd[12358]: pam_succeed_if(sshd:auth): requirement "uid >= 1000" not met by user "root"
Apr 15 08:57:47 spark sshd[12356]: Failed password for root from 182.100.67.59 port 44980 ssh2
Apr 15 08:57:48 spark sshd[12356]: pam_succeed_if(sshd:auth): requirement "uid >= 1000" not met by user "root"
Apr 15 08:57:48 spark sshd[12358]: Failed password for root from 183.3.202.111 port 35349 ssh2
Apr 15 08:57:49 spark sshd[12356]: Failed password for root from 182.100.67.59 port 44980 ssh2
Apr 15 08:57:49 spark sshd[12358]: pam_succeed_if(sshd:auth): requirement "uid >= 1000" not met by user "root"
Apr 15 08:57:50 spark sshd[12356]: pam_succeed_if(sshd:auth): requirement "uid >= 1000" not met by user "root"
Apr 15 08:57:50 spark sshd[12358]: Failed password for root from 183.3.202.111 port 35349 ssh2
Apr 15 08:57:50 spark sshd[12358]: PAM 2 more authentication failures; logname= uid=0 euid=0 tty=ssh ruser= rhost=183.3.202.111 user=root
Apr 15 08:57:50 spark sshd[12358]: Received disconnect from 183.3.202.111: 11: [preauth]
Apr 15 08:57:51 spark sshd[12356]: Failed password for root from 182.100.67.59 port 44980 ssh2
Apr 15 08:57:52 spark sshd[12356]: pam_succeed_if(sshd:auth): requirement "uid >= 1000" not met by user "root"
Apr 15 08:57:53 spark sshd[12360]: pam_succeed_if(sshd:auth): requirement "uid >= 1000" not met by user "root"
Apr 15 08:57:53 spark sshd[12360]: pam_unix(sshd:auth): authentication failure; logname= uid=0 euid=0 tty=ssh ruser= rhost=183.3.202.111 user=root
Apr 15 08:57:55 spark sshd[12356]: Failed password for root from 182.100.67.59 port 44980 ssh2
Apr 15 08:57:55 spark sshd[12360]: Failed password for root from 183.3.202.111 port 12752 ssh2
Apr 15 08:57:56 spark sshd[12356]: pam_succeed_if(sshd:auth): requirement "uid >= 1000" not met by user "root"
Apr 15 08:57:56 spark sshd[12360]: pam_succeed_if(sshd:auth): requirement "uid >= 1000" not met by user "root"
Apr 15 08:57:58 spark sshd[12356]: Failed password for root from 182.100.67.59 port 44980 ssh2
Apr 15 08:57:58 spark sshd[12360]: Failed password for root from 183.3.202.111 port 12752 ssh2
Apr 15 08:57:58 spark sshd[12360]: pam_succeed_if(sshd:auth): requirement "uid >= 1000" not met by user "root"
Apr 15 08:57:59 spark sshd[12356]: pam_succeed_if(sshd:auth): requirement "uid >= 1000" not met by user "root"
Apr 15 08:58:00 spark sshd[12360]: Failed password for root from 183.3.202.111 port 12752 ssh2
Apr 15 08:58:01 spark sshd[12356]: Disconnecting: Too many authentication failures for root [preauth]
Apr 15 08:58:01 spark sshd[12356]: Failed password for root from 182.100.67.59 port 44980 ssh2
Apr 15 08:58:01 spark sshd[12356]: PAM 5 more authentication failures; logname= uid=0 euid=0 tty=ssh ruser= rhost=182.100.67.59 user=root
Apr 15 08:58:01 spark sshd[12356]: PAM service(sshd) ignoring max retries; 6 > 3
Apr 15 08:58:01 spark sshd[12360]: PAM 2 more authentication failures; logname= uid=0 euid=0 tty=ssh ruser= rhost=183.3.202.111 user=root
Apr 15 08:58:01 spark sshd[12360]: Received disconnect from 183.3.202.111: 11: [preauth]
Apr 15 08:58:06 spark sshd[12362]: pam_succeed_if(sshd:auth): requirement "uid >= 1000" not met by user "root"
Apr 15 08:58:06 spark sshd[12362]: pam_unix(sshd:auth): authentication failure; logname= uid=0 euid=0 tty=ssh ruser= rhost=183.3.202.111 user=root
Apr 15 08:58:06 spark sshd[12364]: pam_succeed_if(sshd:auth): requirement "uid >= 1000" not met by user "root"
Apr 15 08:58:06 spark sshd[12364]: pam_unix(sshd:auth): authentication failure; logname= uid=0 euid=0 tty=ssh ruser= rhost=182.100.67.59 user=root
Apr 15 08:58:08 spark sshd[12362]: Failed password for root from 183.3.202.111 port 47579 ssh2
Apr 15 08:58:08 spark sshd[12362]: pam_succeed_if(sshd:auth): requirement "uid >= 1000" not met by user "root"
Apr 15 08:58:08 spark sshd[12364]: Failed password for root from 182.100.67.59 port 64798 ssh2
Apr 15 08:58:09 spark sshd[12364]: pam_succeed_if(sshd:auth): requirement "uid >= 1000" not met by user "root"
Apr 15 08:58:10 spark sshd[12362]: Failed password for root from 183.3.202.111 port 47579 ssh2
Apr 15 08:58:10 spark sshd[12362]: pam_succeed_if(sshd:auth): requirement "uid >= 1000" not met by user "root"
Apr 15 08:58:11 spark sshd[12364]: Failed password for root from 182.100.67.59 port 64798 ssh2
Apr 15 08:58:12 spark sshd[12362]: Failed password for root from 183.3.202.111 port 47579 ssh2
Apr 15 08:58:12 spark sshd[12364]: pam_succeed_if(sshd:auth): requirement "uid >= 1000" not met by user "root"
Apr 15 08:58:13 spark sshd[12362]: PAM 2 more authentication failures; logname= uid=0 euid=0 tty=ssh ruser= rhost=183.3.202.111 user=root
Apr 15 08:58:13 spark sshd[12362]: Received disconnect from 183.3.202.111: 11: [preauth]
Apr 15 08:58:13 spark sshd[12364]: Failed password for root from 182.100.67.59 port 64798 ssh2
Apr 15 08:58:14 spark sshd[12364]: pam_succeed_if(sshd:auth): requirement "uid >= 1000" not met by user "root"
Apr 15 08:58:15 spark sshd[12366]: pam_succeed_if(sshd:auth): requirement "uid >= 1000" not met by user "root"
Apr 15 08:58:15 spark sshd[12366]: pam_unix(sshd:auth): authentication failure; logname= uid=0 euid=0 tty=ssh ruser= rhost=183.3.202.111 user=root
Apr 15 08:58:16 spark sshd[12364]: Failed password for root from 182.100.67.59 port 64798 ssh2
Apr 15 08:58:17 spark sshd[12364]: pam_succeed_if(sshd:auth): requirement "uid >= 1000" not met by user "root"
Apr 15 08:58:18 spark sshd[12366]: Failed password for root from 183.3.202.111 port 35500 ssh2
Apr 15 08:58:18 spark sshd[12366]: pam_succeed_if(sshd:auth): requirement "uid >= 1000" not met by user "root"
Apr 15 08:58:19 spark sshd[12364]: Failed password for root from 182.100.67.59 port 64798 ssh2
Apr 15 08:58:20 spark sshd[12364]: pam_succeed_if(sshd:auth): requirement "uid >= 1000" not met by user "root"
Apr 15 08:58:20 spark sshd[12366]: Failed password for root from 183.3.202.111 port 35500 ssh2
Apr 15 08:58:21 spark sshd[12364]: Disconnecting: Too many authentication failures for root [preauth]
Apr 15 08:58:21 spark sshd[12364]: Failed password for root from 182.100.67.59 port 64798 ssh2
Apr 15 08:58:21 spark sshd[12364]: PAM 5 more authentication failures; logname= uid=0 euid=0 tty=ssh ruser= rhost=182.100.67.59 user=root
Apr 15 08:58:21 spark sshd[12364]: PAM service(sshd) ignoring max retries; 6 > 3
Apr 15 08:58:21 spark sshd[12366]: pam_succeed_if(sshd:auth): requirement "uid >= 1000" not met by user "root"
Apr 15 08:58:22 spark sshd[12366]: Failed password for root from 183.3.202.111 port 35500 ssh2
Apr 15 08:58:23 spark sshd[12366]: PAM 2 more authentication failures; logname= uid=0 euid=0 tty=ssh ruser= rhost=183.3.202.111 user=root
Apr 15 08:58:23 spark sshd[12366]: Received disconnect from 183.3.202.111: 11: [preauth]
Apr 15 08:58:26 spark sshd[12370]: pam_succeed_if(sshd:auth): requirement "uid >= 1000" not met by user "root"
Apr 15 08:58:26 spark sshd[12370]: pam_unix(sshd:auth): authentication failure; logname= uid=0 euid=0 tty=ssh ruser= rhost=182.100.67.59 user=root
Apr 15 08:58:28 spark sshd[12370]: Failed password for root from 182.100.67.59 port 19932 ssh2
Apr 15 08:58:29 spark sshd[12368]: pam_succeed_if(sshd:auth): requirement "uid >= 1000" not met by user "root"
Apr 15 08:58:29 spark sshd[12368]: pam_unix(sshd:auth): authentication failure; logname= uid=0 euid=0 tty=ssh ruser= rhost=183.3.202.111 user=root
Apr 15 08:58:29 spark sshd[12370]: pam_succeed_if(sshd:auth): requirement "uid >= 1000" not met by user "root"
Apr 15 08:58:31 spark sshd[12368]: Failed password for root from 183.3.202.111 port 15298 ssh2
Apr 15 08:58:31 spark sshd[12370]: Failed password for root from 182.100.67.59 port 19932 ssh2
Apr 15 08:58:32 spark sshd[12368]: pam_succeed_if(sshd:auth): requirement "uid >= 1000" not met by user "root"
Apr 15 08:58:32 spark sshd[12370]: pam_succeed_if(sshd:auth): requirement "uid >= 1000" not met by user "root"
Apr 15 08:58:33 spark sshd[12368]: Failed password for root from 183.3.202.111 port 15298 ssh2
Apr 15 08:58:33 spark sshd[12370]: Failed password for root from 182.100.67.59 port 19932 ssh2
Apr 15 08:58:34 spark sshd[12368]: pam_succeed_if(sshd:auth): requirement "uid >= 1000" not met by user "root"
Apr 15 08:58:34 spark sshd[12370]: pam_succeed_if(sshd:auth): requirement "uid >= 1000" not met by user "root"
Apr 15 08:58:36 spark sshd[12368]: Failed password for root from 183.3.202.111 port 15298 ssh2
Apr 15 08:58:36 spark sshd[12368]: PAM 2 more authentication failures; logname= uid=0 euid=0 tty=ssh ruser= rhost=183.3.202.111 user=root
Apr 15 08:58:36 spark sshd[12368]: Received disconnect from 183.3.202.111: 11: [preauth]
Apr 15 08:58:36 spark sshd[12370]: Failed password for root from 182.100.67.59 port 19932 ssh2
Apr 15 08:58:37 spark sshd[12370]: pam_succeed_if(sshd:auth): requirement "uid >= 1000" not met by user "root"
Apr 15 08:58:38 spark sshd[12372]: pam_succeed_if(sshd:auth): requirement "uid >= 1000" not met by user "root"
Apr 15 08:58:38 spark sshd[12372]: pam_unix(sshd:auth): authentication failure; logname= uid=0 euid=0 tty=ssh ruser= rhost=183.3.202.111 user=root
Apr 15 08:58:39 spark sshd[12370]: Failed password for root from 182.100.67.59 port 19932 ssh2
Apr 15 08:58:40 spark sshd[12370]: pam_succeed_if(sshd:auth): requirement "uid >= 1000" not met by user "root"
Apr 15 08:58:40 spark sshd[12372]: Failed password for root from 183.3.202.111 port 62782 ssh2
Apr 15 08:58:40 spark sshd[12372]: pam_succeed_if(sshd:auth): requirement "uid >= 1000" not met by user "root"
Apr 15 08:58:42 spark sshd[12370]: Disconnecting: Too many authentication failures for root [preauth]
Apr 15 08:58:42 spark sshd[12370]: Failed password for root from 182.100.67.59 port 19932 ssh2
Apr 15 08:58:42 spark sshd[12370]: PAM 5 more authentication failures; logname= uid=0 euid=0 tty=ssh ruser= rhost=182.100.67.59 user=root
Apr 15 08:58:42 spark sshd[12370]: PAM service(sshd) ignoring max retries; 6 > 3
Apr 15 08:58:43 spark sshd[12372]: Failed password for root from 183.3.202.111 port 62782 ssh2
Apr 15 08:58:43 spark sshd[12372]: pam_succeed_if(sshd:auth): requirement "uid >= 1000" not met by user "root"
Apr 15 08:58:45 spark sshd[12372]: Failed password for root from 183.3.202.111 port 62782 ssh2
Apr 15 08:58:45 spark sshd[12372]: PAM 2 more authentication failures; logname= uid=0 euid=0 tty=ssh ruser= rhost=183.3.202.111 user=root
Apr 15 08:58:45 spark sshd[12372]: Received disconnect from 183.3.202.111: 11: [preauth]
Apr 15 08:58:46 spark sshd[12374]: pam_succeed_if(sshd:auth): requirement "uid >= 1000" not met by user "root"
Apr 15 08:58:46 spark sshd[12374]: pam_unix(sshd:auth): authentication failure; logname= uid=0 euid=0 tty=ssh ruser= rhost=182.100.67.59 user=root
Apr 15 08:58:47 spark sshd[12376]: pam_succeed_if(sshd:auth): requirement "uid >= 1000" not met by user "root"
Apr 15 08:58:47 spark sshd[12376]: pam_unix(sshd:auth): authentication failure; logname= uid=0 euid=0 tty=ssh ruser= rhost=183.3.202.111 user=root
Apr 15 08:58:48 spark sshd[12374]: Failed password for root from 182.100.67.59 port 39692 ssh2
Apr 15 08:58:48 spark sshd[12376]: Failed password for root from 183.3.202.111 port 39593 ssh2
Apr 15 08:58:49 spark sshd[12374]: pam_succeed_if(sshd:auth): requirement "uid >= 1000" not met by user "root"
Apr 15 08:58:49 spark sshd[12376]: pam_succeed_if(sshd:auth): requirement "uid >= 1000" not met by user "root"
Apr 15 08:58:50 spark sshd[12376]: Failed password for root from 183.3.202.111 port 39593 ssh2
Apr 15 08:58:50 spark sshd[12376]: pam_succeed_if(sshd:auth): requirement "uid >= 1000" not met by user "root"
Apr 15 08:58:51 spark sshd[12374]: Failed password for root from 182.100.67.59 port 39692 ssh2
Apr 15 08:58:52 spark sshd[12374]: pam_succeed_if(sshd:auth): requirement "uid >= 1000" not met by user "root"
Apr 15 08:58:53 spark sshd[12376]: Failed password for root from 183.3.202.111 port 39593 ssh2
Apr 15 08:58:53 spark sshd[12376]: PAM 2 more authentication failures; logname= uid=0 euid=0 tty=ssh ruser= rhost=183.3.202.111 user=root
Apr 15 08:58:53 spark sshd[12376]: Received disconnect from 183.3.202.111: 11: [preauth]
Apr 15 08:58:54 spark sshd[12374]: Failed password for root from 182.100.67.59 port 39692 ssh2
Apr 15 08:58:55 spark sshd[12374]: pam_succeed_if(sshd:auth): requirement "uid >= 1000" not met by user "root"
Apr 15 08:58:57 spark sshd[12374]: Failed password for root from 182.100.67.59 port 39692 ssh2
Apr 15 08:58:58 spark sshd[12374]: pam_succeed_if(sshd:auth): requirement "uid >= 1000" not met by user "root"
Apr 15 08:59:00 spark sshd[12374]: Failed password for root from 182.100.67.59 port 39692 ssh2
Apr 15 08:59:00 spark sshd[12374]: pam_succeed_if(sshd:auth): requirement "uid >= 1000" not met by user "root"
Apr 15 08:59:01 spark sshd[12378]: pam_succeed_if(sshd:auth): requirement "uid >= 1000" not met by user "root"
Apr 15 08:59:01 spark sshd[12378]: pam_unix(sshd:auth): authentication failure; logname= uid=0 euid=0 tty=ssh ruser= rhost=183.3.202.111 user=root
Apr 15 08:59:02 spark sshd[12374]: Disconnecting: Too many authentication failures for root [preauth]
Apr 15 08:59:02 spark sshd[12374]: Failed password for root from 182.100.67.59 port 39692 ssh2
Apr 15 08:59:02 spark sshd[12374]: PAM 5 more authentication failures; logname= uid=0 euid=0 tty=ssh ruser= rhost=182.100.67.59 user=root
Apr 15 08:59:02 spark sshd[12374]: PAM service(sshd) ignoring max retries; 6 > 3
Apr 15 08:59:02 spark sshd[12378]: Failed password for root from 183.3.202.111 port 31200 ssh2
Apr 15 08:59:03 spark sshd[12378]: pam_succeed_if(sshd:auth): requirement "uid >= 1000" not met by user "root"
Apr 15 08:59:04 spark sshd[12378]: Failed password for root from 183.3.202.111 port 31200 ssh2
Apr 15 08:59:05 spark sshd[12378]: pam_succeed_if(sshd:auth): requirement "uid >= 1000" not met by user "root"
Apr 15 08:59:06 spark sshd[12378]: Failed password for root from 183.3.202.111 port 31200 ssh2
Apr 15 08:59:06 spark sshd[12380]: pam_succeed_if(sshd:auth): requirement "uid >= 1000" not met by user "root"
Apr 15 08:59:06 spark sshd[12380]: pam_unix(sshd:auth): authentication failure; logname= uid=0 euid=0 tty=ssh ruser= rhost=182.100.67.59 user=root
Apr 15 08:59:07 spark sshd[12378]: PAM 2 more authentication failures; logname= uid=0 euid=0 tty=ssh ruser= rhost=183.3.202.111 user=root
Apr 15 08:59:07 spark sshd[12378]: Received disconnect from 183.3.202.111: 11: [preauth]
Apr 15 08:59:08 spark sshd[12380]: Failed password for root from 182.100.67.59 port 59302 ssh2
Apr 15 08:59:08 spark sshd[12380]: pam_succeed_if(sshd:auth): requirement "uid >= 1000" not met by user "root"
Apr 15 08:59:09 spark sshd[12382]: pam_succeed_if(sshd:auth): requirement "uid >= 1000" not met by user "root"
Apr 15 08:59:09 spark sshd[12382]: pam_unix(sshd:auth): authentication failure; logname= uid=0 euid=0 tty=ssh ruser= rhost=183.3.202.111 user=root
Apr 15 08:59:10 spark sshd[12380]: Failed password for root from 182.100.67.59 port 59302 ssh2
Apr 15 08:59:11 spark sshd[12380]: pam_succeed_if(sshd:auth): requirement "uid >= 1000" not met by user "root"
Apr 15 08:59:11 spark sshd[12382]: Failed password for root from 183.3.202.111 port 63355 ssh2
Apr 15 08:59:11 spark sshd[12382]: pam_succeed_if(sshd:auth): requirement "uid >= 1000" not met by user "root"
Apr 15 08:59:13 spark sshd[12380]: Failed password for root from 182.100.67.59 port 59302 ssh2
Apr 15 08:59:13 spark sshd[12382]: Failed password for root from 183.3.202.111 port 63355 ssh2
Apr 15 08:59:13 spark sshd[12382]: pam_succeed_if(sshd:auth): requirement "uid >= 1000" not met by user "root"
Apr 15 08:59:14 spark sshd[12380]: pam_succeed_if(sshd:auth): requirement "uid >= 1000" not met by user "root"
Apr 15 08:59:15 spark sshd[12382]: Failed password for root from 183.3.202.111 port 63355 ssh2
Apr 15 08:59:15 spark sshd[12382]: PAM 2 more authentication failures; logname= uid=0 euid=0 tty=ssh ruser= rhost=183.3.202.111 user=root
Apr 15 08:59:15 spark sshd[12382]: Received disconnect from 183.3.202.111: 11: [preauth]
Apr 15 08:59:16 spark sshd[12380]: Failed password for root from 182.100.67.59 port 59302 ssh2
Apr 15 08:59:17 spark sshd[12380]: pam_succeed_if(sshd:auth): requirement "uid >= 1000" not met by user "root"
Apr 15 08:59:17 spark sshd[12384]: pam_succeed_if(sshd:auth): requirement "uid >= 1000" not met by user "root"
Apr 15 08:59:17 spark sshd[12384]: pam_unix(sshd:auth): authentication failure; logname= uid=0 euid=0 tty=ssh ruser= rhost=183.3.202.111 user=root
Apr 15 08:59:18 spark sshd[12380]: Failed password for root from 182.100.67.59 port 59302 ssh2
Apr 15 08:59:18 spark sshd[12384]: Failed password for root from 183.3.202.111 port 38354 ssh2
Apr 15 08:59:18 spark sshd[12384]: pam_succeed_if(sshd:auth): requirement "uid >= 1000" not met by user "root"
Apr 15 08:59:19 spark sshd[12380]: pam_succeed_if(sshd:auth): requirement "uid >= 1000" not met by user "root"
Apr 15 08:59:20 spark sshd[12384]: Failed password for root from 183.3.202.111 port 38354 ssh2
Apr 15 08:59:20 spark sshd[12384]: pam_succeed_if(sshd:auth): requirement "uid >= 1000" not met by user "root"
Apr 15 08:59:21 spark sshd[12380]: Disconnecting: Too many authentication failures for root [preauth]
Apr 15 08:59:21 spark sshd[12380]: Failed password for root from 182.100.67.59 port 59302 ssh2
Apr 15 08:59:21 spark sshd[12380]: PAM 5 more authentication failures; logname= uid=0 euid=0 tty=ssh ruser= rhost=182.100.67.59 user=root
Apr 15 08:59:21 spark sshd[12380]: PAM service(sshd) ignoring max retries; 6 > 3
Apr 15 08:59:22 spark sshd[12384]: Failed password for root from 183.3.202.111 port 38354 ssh2
Apr 15 08:59:22 spark sshd[12384]: PAM 2 more authentication failures; logname= uid=0 euid=0 tty=ssh ruser= rhost=183.3.202.111 user=root
Apr 15 08:59:22 spark sshd[12384]: Received disconnect from 183.3.202.111: 11: [preauth]
Apr 15 08:59:25 spark sshd[12386]: pam_succeed_if(sshd:auth): requirement "uid >= 1000" not met by user "root"
Apr 15 08:59:25 spark sshd[12386]: pam_unix(sshd:auth): authentication failure; logname= uid=0 euid=0 tty=ssh ruser= rhost=182.100.67.59 user=root
Apr 15 08:59:27 spark sshd[12386]: Failed password for root from 182.100.67.59 port 13078 ssh2
Apr 15 08:59:28 spark sshd[12386]: pam_succeed_if(sshd:auth): requirement "uid >= 1000" not met by user "root"
Apr 15 08:59:30 spark sshd[12386]: Failed password for root from 182.100.67.59 port 13078 ssh2
Apr 15 08:59:30 spark sshd[12388]: pam_succeed_if(sshd:auth): requirement "uid >= 1000" not met by user "root"
Apr 15 08:59:30 spark sshd[12388]: pam_unix(sshd:auth): authentication failure; logname= uid=0 euid=0 tty=ssh ruser= rhost=183.3.202.111 user=root
Apr 15 08:59:31 spark sshd[12386]: pam_succeed_if(sshd:auth): requirement "uid >= 1000" not met by user "root"
Apr 15 08:59:32 spark sshd[12388]: Failed password for root from 183.3.202.111 port 26147 ssh2
Apr 15 08:59:32 spark sshd[12388]: pam_succeed_if(sshd:auth): requirement "uid >= 1000" not met by user "root"
Apr 15 08:59:33 spark sshd[12386]: Failed password for root from 182.100.67.59 port 13078 ssh2
Apr 15 08:59:34 spark sshd[12386]: pam_succeed_if(sshd:auth): requirement "uid >= 1000" not met by user "root"
Apr 15 08:59:34 spark sshd[12388]: Failed password for root from 183.3.202.111 port 26147 ssh2
Apr 15 08:59:34 spark sshd[12388]: pam_succeed_if(sshd:auth): requirement "uid >= 1000" not met by user "root"
Apr 15 08:59:36 spark sshd[12386]: Failed password for root from 182.100.67.59 port 13078 ssh2
Apr 15 08:59:36 spark sshd[12388]: Failed password for root from 183.3.202.111 port 26147 ssh2
Apr 15 08:59:36 spark sshd[12388]: PAM 2 more authentication failures; logname= uid=0 euid=0 tty=ssh ruser= rhost=183.3.202.111 user=root
Apr 15 08:59:36 spark sshd[12388]: Received disconnect from 183.3.202.111: 11: [preauth]
Apr 15 08:59:37 spark sshd[12386]: pam_succeed_if(sshd:auth): requirement "uid >= 1000" not met by user "root"
Apr 15 08:59:38 spark sshd[12390]: pam_succeed_if(sshd:auth): requirement "uid >= 1000" not met by user "root"
Apr 15 08:59:38 spark sshd[12390]: pam_unix(sshd:auth): authentication failure; logname= uid=0 euid=0 tty=ssh ruser= rhost=183.3.202.111 user=root
Apr 15 08:59:39 spark sshd[12386]: Failed password for root from 182.100.67.59 port 13078 ssh2
Apr 15 08:59:39 spark sshd[12386]: pam_succeed_if(sshd:auth): requirement "uid >= 1000" not met by user "root"
Apr 15 08:59:41 spark sshd[12390]: Failed password for root from 183.3.202.111 port 58813 ssh2
Apr 15 08:59:41 spark sshd[12390]: pam_succeed_if(sshd:auth): requirement "uid >= 1000" not met by user "root"
Apr 15 08:59:42 spark sshd[12386]: Disconnecting: Too many authentication failures for root [preauth]
Apr 15 08:59:42 spark sshd[12386]: Failed password for root from 182.100.67.59 port 13078 ssh2
Apr 15 08:59:42 spark sshd[12386]: PAM 5 more authentication failures; logname= uid=0 euid=0 tty=ssh ruser= rhost=182.100.67.59 user=root
Apr 15 08:59:42 spark sshd[12386]: PAM service(sshd) ignoring max retries; 6 > 3
Apr 15 08:59:42 spark sshd[12390]: Failed password for root from 183.3.202.111 port 58813 ssh2
Apr 15 08:59:43 spark sshd[12390]: pam_succeed_if(sshd:auth): requirement "uid >= 1000" not met by user "root"
Apr 15 08:59:45 spark sshd[12390]: Failed password for root from 183.3.202.111 port 58813 ssh2
Apr 15 08:59:45 spark sshd[12390]: PAM 2 more authentication failures; logname= uid=0 euid=0 tty=ssh ruser= rhost=183.3.202.111 user=root
Apr 15 08:59:45 spark sshd[12390]: Received disconnect from 183.3.202.111: 11: [preauth]
Apr 15 08:59:46 spark sshd[12392]: pam_succeed_if(sshd:auth): requirement "uid >= 1000" not met by user "root"
Apr 15 08:59:46 spark sshd[12392]: pam_unix(sshd:auth): authentication failure; logname= uid=0 euid=0 tty=ssh ruser= rhost=182.100.67.59 user=root
Apr 15 08:59:48 spark sshd[12392]: Failed password for root from 182.100.67.59 port 32765 ssh2
Apr 15 08:59:49 spark sshd[12392]: pam_succeed_if(sshd:auth): requirement "uid >= 1000" not met by user "root"
Apr 15 08:59:51 spark sshd[12392]: Failed password for root from 182.100.67.59 port 32765 ssh2
Apr 15 08:59:52 spark sshd[12392]: pam_succeed_if(sshd:auth): requirement "uid >= 1000" not met by user "root"
Apr 15 08:59:52 spark sshd[12394]: pam_succeed_if(sshd:auth): requirement "uid >= 1000" not met by user "root"
Apr 15 08:59:52 spark sshd[12394]: pam_unix(sshd:auth): authentication failure; logname= uid=0 euid=0 tty=ssh ruser= rhost=183.3.202.111 user=root
Apr 15 08:59:54 spark sshd[12392]: Failed password for root from 182.100.67.59 port 32765 ssh2
Apr 15 08:59:54 spark sshd[12394]: Failed password for root from 183.3.202.111 port 50752 ssh2
Apr 15 08:59:54 spark sshd[12394]: pam_succeed_if(sshd:auth): requirement "uid >= 1000" not met by user "root"
Apr 15 08:59:55 spark sshd[12392]: pam_succeed_if(sshd:auth): requirement "uid >= 1000" not met by user "root"
Apr 15 08:59:56 spark sshd[12392]: Failed password for root from 182.100.67.59 port 32765 ssh2
Apr 15 08:59:56 spark sshd[12394]: Failed password for root from 183.3.202.111 port 50752 ssh2
Apr 15 08:59:56 spark sshd[12394]: pam_succeed_if(sshd:auth): requirement "uid >= 1000" not met by user "root"
Apr 15 08:59:57 spark sshd[12392]: pam_succeed_if(sshd:auth): requirement "uid >= 1000" not met by user "root"
Apr 15 08:59:58 spark sshd[12394]: Failed password for root from 183.3.202.111 port 50752 ssh2
Apr 15 08:59:58 spark sshd[12394]: PAM 2 more authentication failures; logname= uid=0 euid=0 tty=ssh ruser= rhost=183.3.202.111 user=root
Apr 15 08:59:58 spark sshd[12394]: Received disconnect from 183.3.202.111: 11: [preauth]
Apr 15 08:59:59 spark sshd[12392]: Failed password for root from 182.100.67.59 port 32765 ssh2
Apr 15 09:00:00 spark sshd[12392]: pam_succeed_if(sshd:auth): requirement "uid >= 1000" not met by user "root"
Apr 15 09:00:01 spark CROND[12399]: (root) CMD (/usr/lib64/sa/sa1 1 1)
Apr 15 09:00:01 spark sshd[12392]: Disconnecting: Too many authentication failures for root [preauth]
Apr 15 09:00:01 spark sshd[12392]: Failed password for root from 182.100.67.59 port 32765 ssh2
Apr 15 09:00:01 spark sshd[12392]: PAM 5 more authentication failures; logname= uid=0 euid=0 tty=ssh ruser= rhost=182.100.67.59 user=root
Apr 15 09:00:01 spark sshd[12392]: PAM service(sshd) ignoring max retries; 6 > 3
Apr 15 09:00:01 spark sshd[12396]: pam_succeed_if(sshd:auth): requirement "uid >= 1000" not met by user "root"
Apr 15 09:00:01 spark sshd[12396]: pam_unix(sshd:auth): authentication failure; logname= uid=0 euid=0 tty=ssh ruser= rhost=183.3.202.111 user=root
Apr 15 09:00:01 spark systemd: Created slice user-0.slice.
Apr 15 09:00:01 spark systemd: Started Session 302 of user root.
Apr 15 09:00:01 spark systemd: Starting Session 302 of user root.
Apr 15 09:00:01 spark systemd: Starting user-0.slice.
Apr 15 09:00:02 spark systemd: Removed slice user-0.slice.
Apr 15 09:00:02 spark systemd: Stopping user-0.slice.
Apr 15 09:00:03 spark sshd[12396]: Failed password for root from 183.3.202.111 port 25758 ssh2
Apr 15 09:00:03 spark sshd[12396]: pam_succeed_if(sshd:auth): requirement "uid >= 1000" not met by user "root"
Apr 15 09:00:05 spark sshd[12396]: Failed password for root from 183.3.202.111 port 25758 ssh2
Apr 15 09:00:05 spark sshd[12396]: pam_succeed_if(sshd:auth): requirement "uid >= 1000" not met by user "root"
Apr 15 09:00:06 spark sshd[12405]: pam_succeed_if(sshd:auth): requirement "uid >= 1000" not met by user "root"
Apr 15 09:00:06 spark sshd[12405]: pam_unix(sshd:auth): authentication failure; logname= uid=0 euid=0 tty=ssh ruser= rhost=182.100.67.59 user=root
Apr 15 09:00:07 spark sshd[12396]: Failed password for root from 183.3.202.111 port 25758 ssh2
Apr 15 09:00:07 spark sshd[12396]: PAM 2 more authentication failures; logname= uid=0 euid=0 tty=ssh ruser= rhost=183.3.202.111 user=root
Apr 15 09:00:07 spark sshd[12396]: Received disconnect from 183.3.202.111: 11: [preauth]
Apr 15 09:00:08 spark sshd[12405]: Failed password for root from 182.100.67.59 port 52915 ssh2
Apr 15 09:00:09 spark sshd[12405]: pam_succeed_if(sshd:auth): requirement "uid >= 1000" not met by user "root"
Apr 15 09:00:10 spark sshd[12407]: pam_succeed_if(sshd:auth): requirement "uid >= 1000" not met by user "root"
Apr 15 09:00:10 spark sshd[12407]: pam_unix(sshd:auth): authentication failure; logname= uid=0 euid=0 tty=ssh ruser= rhost=183.3.202.111 user=root
Apr 15 09:00:11 spark sshd[12405]: Failed password for root from 182.100.67.59 port 52915 ssh2
Apr 15 09:00:13 spark sshd[12405]: pam_succeed_if(sshd:auth): requirement "uid >= 1000" not met by user "root"
Apr 15 09:00:13 spark sshd[12407]: Failed password for root from 183.3.202.111 port 57739 ssh2
Apr 15 09:00:13 spark sshd[12407]: pam_succeed_if(sshd:auth): requirement "uid >= 1000" not met by user "root"
Apr 15 09:00:15 spark sshd[12405]: Failed password for root from 182.100.67.59 port 52915 ssh2
Apr 15 09:00:15 spark sshd[12407]: Failed password for root from 183.3.202.111 port 57739 ssh2
Apr 15 09:00:16 spark sshd[12405]: pam_succeed_if(sshd:auth): requirement "uid >= 1000" not met by user "root"
Apr 15 09:00:16 spark sshd[12407]: pam_succeed_if(sshd:auth): requirement "uid >= 1000" not met by user "root"
Apr 15 09:00:17 spark sshd[12407]: Failed password for root from 183.3.202.111 port 57739 ssh2
Apr 15 09:00:18 spark sshd[12405]: Failed password for root from 182.100.67.59 port 52915 ssh2
Apr 15 09:00:18 spark sshd[12405]: pam_succeed_if(sshd:auth): requirement "uid >= 1000" not met by user "root"
Apr 15 09:00:18 spark sshd[12407]: PAM 2 more authentication failures; logname= uid=0 euid=0 tty=ssh ruser= rhost=183.3.202.111 user=root
Apr 15 09:00:18 spark sshd[12407]: Received disconnect from 183.3.202.111: 11: [preauth]
Apr 15 09:00:20 spark sshd[12405]: Failed password for root from 182.100.67.59 port 52915 ssh2
Apr 15 09:00:21 spark sshd[12405]: pam_succeed_if(sshd:auth): requirement "uid >= 1000" not met by user "root"
Apr 15 09:00:21 spark sshd[12409]: pam_succeed_if(sshd:auth): requirement "uid >= 1000" not met by user "root"
Apr 15 09:00:21 spark sshd[12409]: pam_unix(sshd:auth): authentication failure; logname= uid=0 euid=0 tty=ssh ruser= rhost=183.3.202.111 user=root
Apr 15 09:00:23 spark sshd[12405]: Disconnecting: Too many authentication failures for root [preauth]
Apr 15 09:00:23 spark sshd[12405]: Failed password for root from 182.100.67.59 port 52915 ssh2
Apr 15 09:00:23 spark sshd[12405]: PAM 5 more authentication failures; logname= uid=0 euid=0 tty=ssh ruser= rhost=182.100.67.59 user=root
Apr 15 09:00:23 spark sshd[12405]: PAM service(sshd) ignoring max retries; 6 > 3
Apr 15 09:00:23 spark sshd[12409]: Failed password for root from 183.3.202.111 port 39047 ssh2
Apr 15 09:00:23 spark sshd[12409]: pam_succeed_if(sshd:auth): requirement "uid >= 1000" not met by user "root"
Apr 15 09:00:24 spark sshd[12409]: Failed password for root from 183.3.202.111 port 39047 ssh2
Apr 15 09:00:25 spark sshd[12409]: pam_succeed_if(sshd:auth): requirement "uid >= 1000" not met by user "root"
Apr 15 09:00:27 spark sshd[12409]: Failed password for root from 183.3.202.111 port 39047 ssh2
Apr 15 09:00:27 spark sshd[12409]: PAM 2 more authentication failures; logname= uid=0 euid=0 tty=ssh ruser= rhost=183.3.202.111 user=root
Apr 15 09:00:27 spark sshd[12409]: Received disconnect from 183.3.202.111: 11: [preauth]
Apr 15 09:00:29 spark sshd[12413]: pam_succeed_if(sshd:auth): requirement "uid >= 1000" not met by user "root"
Apr 15 09:00:29 spark sshd[12413]: pam_unix(sshd:auth): authentication failure; logname= uid=0 euid=0 tty=ssh ruser= rhost=183.3.202.111 user=root
Apr 15 09:00:30 spark sshd[12413]: Failed password for root from 183.3.202.111 port 17268 ssh2
Apr 15 09:00:31 spark sshd[12413]: pam_succeed_if(sshd:auth): requirement "uid >= 1000" not met by user "root"
Apr 15 09:00:33 spark sshd[12411]: pam_succeed_if(sshd:auth): requirement "uid >= 1000" not met by user "root"
Apr 15 09:00:33 spark sshd[12411]: pam_unix(sshd:auth): authentication failure; logname= uid=0 euid=0 tty=ssh ruser= rhost=182.100.67.59 user=root
Apr 15 09:00:33 spark sshd[12413]: Failed password for root from 183.3.202.111 port 17268 ssh2
Apr 15 09:00:33 spark sshd[12413]: pam_succeed_if(sshd:auth): requirement "uid >= 1000" not met by user "root"
Apr 15 09:00:35 spark sshd[12411]: Failed password for root from 182.100.67.59 port 9661 ssh2
Apr 15 09:00:35 spark sshd[12413]: Failed password for root from 183.3.202.111 port 17268 ssh2
Apr 15 09:00:35 spark sshd[12413]: PAM 2 more authentication failures; logname= uid=0 euid=0 tty=ssh ruser= rhost=183.3.202.111 user=root
Apr 15 09:00:35 spark sshd[12413]: Received disconnect from 183.3.202.111: 11: [preauth]
Apr 15 09:00:36 spark sshd[12411]: pam_succeed_if(sshd:auth): requirement "uid >= 1000" not met by user "root"
Apr 15 09:00:38 spark sshd[12411]: Failed password for root from 182.100.67.59 port 9661 ssh2
Apr 15 09:00:38 spark sshd[12415]: pam_succeed_if(sshd:auth): requirement "uid >= 1000" not met by user "root"
Apr 15 09:00:38 spark sshd[12415]: pam_unix(sshd:auth): authentication failure; logname= uid=0 euid=0 tty=ssh ruser= rhost=183.3.202.111 user=root
Apr 15 09:00:39 spark sshd[12411]: pam_succeed_if(sshd:auth): requirement "uid >= 1000" not met by user "root"
Apr 15 09:00:39 spark sshd[12415]: Failed password for root from 183.3.202.111 port 46557 ssh2
Apr 15 09:00:40 spark sshd[12415]: pam_succeed_if(sshd:auth): requirement "uid >= 1000" not met by user "root"
Apr 15 09:00:41 spark sshd[12411]: Failed password for root from 182.100.67.59 port 9661 ssh2
Apr 15 09:00:42 spark sshd[12411]: pam_succeed_if(sshd:auth): requirement "uid >= 1000" not met by user "root"
Apr 15 09:00:42 spark sshd[12415]: Failed password for root from 183.3.202.111 port 46557 ssh2
Apr 15 09:00:42 spark sshd[12415]: pam_succeed_if(sshd:auth): requirement "uid >= 1000" not met by user "root"
Apr 15 09:00:44 spark sshd[12411]: Failed password for root from 182.100.67.59 port 9661 ssh2
Apr 15 09:00:44 spark sshd[12415]: Failed password for root from 183.3.202.111 port 46557 ssh2
Apr 15 09:00:44 spark sshd[12415]: PAM 2 more authentication failures; logname= uid=0 euid=0 tty=ssh ruser= rhost=183.3.202.111 user=root
Apr 15 09:00:44 spark sshd[12415]: Received disconnect from 183.3.202.111: 11: [preauth]
Apr 15 09:00:45 spark sshd[12411]: pam_succeed_if(sshd:auth): requirement "uid >= 1000" not met by user "root"
Apr 15 09:00:46 spark sshd[12417]: pam_succeed_if(sshd:auth): requirement "uid >= 1000" not met by user "root"
Apr 15 09:00:46 spark sshd[12417]: pam_unix(sshd:auth): authentication failure; logname= uid=0 euid=0 tty=ssh ruser= rhost=183.3.202.111 user=root
Apr 15 09:00:47 spark sshd[12411]: Failed password for root from 182.100.67.59 port 9661 ssh2
Apr 15 09:00:48 spark sshd[12411]: pam_succeed_if(sshd:auth): requirement "uid >= 1000" not met by user "root"
Apr 15 09:00:48 spark sshd[12417]: Failed password for root from 183.3.202.111 port 22351 ssh2
Apr 15 09:00:49 spark sshd[12417]: pam_succeed_if(sshd:auth): requirement "uid >= 1000" not met by user "root"
Apr 15 09:00:50 spark sshd[12411]: Disconnecting: Too many authentication failures for root [preauth]
Apr 15 09:00:50 spark sshd[12411]: Failed password for root from 182.100.67.59 port 9661 ssh2
Apr 15 09:00:50 spark sshd[12411]: PAM 5 more authentication failures; logname= uid=0 euid=0 tty=ssh ruser= rhost=182.100.67.59 user=root
Apr 15 09:00:50 spark sshd[12411]: PAM service(sshd) ignoring max retries; 6 > 3
Apr 15 09:00:50 spark sshd[12417]: Failed password for root from 183.3.202.111 port 22351 ssh2
Apr 15 09:00:51 spark sshd[12417]: pam_succeed_if(sshd:auth): requirement "uid >= 1000" not met by user "root"
Apr 15 09:00:54 spark sshd[12417]: Failed password for root from 183.3.202.111 port 22351 ssh2
Apr 15 09:00:54 spark sshd[12419]: pam_succeed_if(sshd:auth): requirement "uid >= 1000" not met by user "root"
Apr 15 09:00:54 spark sshd[12419]: pam_unix(sshd:auth): authentication failure; logname= uid=0 euid=0 tty=ssh ruser= rhost=182.100.67.59 user=root
Apr 15 09:00:55 spark sshd[12417]: PAM 2 more authentication failures; logname= uid=0 euid=0 tty=ssh ruser= rhost=183.3.202.111 user=root
Apr 15 09:00:55 spark sshd[12417]: Received disconnect from 183.3.202.111: 11: [preauth]
Apr 15 09:00:55 spark sshd[12419]: Failed password for root from 182.100.67.59 port 33773 ssh2
Apr 15 09:00:56 spark sshd[12419]: pam_succeed_if(sshd:auth): requirement "uid >= 1000" not met by user "root"
Apr 15 09:00:59 spark sshd[12419]: Failed password for root from 182.100.67.59 port 33773 ssh2
Apr 15 09:00:59 spark sshd[12419]: pam_succeed_if(sshd:auth): requirement "uid >= 1000" not met by user "root"
Apr 15 09:00:59 spark sshd[12421]: pam_succeed_if(sshd:auth): requirement "uid >= 1000" not met by user "root"
Apr 15 09:00:59 spark sshd[12421]: pam_unix(sshd:auth): authentication failure; logname= uid=0 euid=0 tty=ssh ruser= rhost=183.3.202.111 user=root
Apr 15 09:01:01 spark CROND[12424]: (root) CMD (run-parts /etc/cron.hourly)
Apr 15 09:01:01 spark run-parts(/etc/cron.hourly)[12424]: starting 0anacron
Apr 15 09:01:01 spark run-parts(/etc/cron.hourly)[12424]: starting 0yum-hourly.cron
Apr 15 09:01:01 spark run-parts(/etc/cron.hourly)[12433]: finished 0anacron
Apr 15 09:01:01 spark run-parts(/etc/cron.hourly)[12439]: finished 0yum-hourly.cron
Apr 15 09:01:01 spark sshd[12419]: Failed password for root from 182.100.67.59 port 33773 ssh2
Apr 15 09:01:01 spark sshd[12421]: Failed password for root from 183.3.202.111 port 61574 ssh2
Apr 15 09:01:01 spark sshd[12421]: pam_succeed_if(sshd:auth): requirement "uid >= 1000" not met by user "root"
Apr 15 09:01:01 spark systemd: Created slice user-0.slice.
Apr 15 09:01:01 spark systemd: Removed slice user-0.slice.
Apr 15 09:01:01 spark systemd: Started Session 303 of user root.
Apr 15 09:01:01 spark systemd: Starting Session 303 of user root.
Apr 15 09:01:01 spark systemd: Starting user-0.slice.
Apr 15 09:01:01 spark systemd: Stopping user-0.slice.
Apr 15 09:01:02 spark sshd[12419]: pam_succeed_if(sshd:auth): requirement "uid >= 1000" not met by user "root"
Apr 15 09:01:03 spark sshd[12421]: Failed password for root from 183.3.202.111 port 61574 ssh2
Apr 15 09:01:03 spark sshd[12421]: pam_succeed_if(sshd:auth): requirement "uid >= 1000" not met by user "root"
Apr 15 09:01:04 spark sshd[12419]: Failed password for root from 182.100.67.59 port 33773 ssh2
Apr 15 09:01:05 spark sshd[12419]: pam_succeed_if(sshd:auth): requirement "uid >= 1000" not met by user "root"
Apr 15 09:01:05 spark sshd[12421]: Failed password for root from 183.3.202.111 port 61574 ssh2
Apr 15 09:01:05 spark sshd[12421]: PAM 2 more authentication failures; logname= uid=0 euid=0 tty=ssh ruser= rhost=183.3.202.111 user=root
Apr 15 09:01:05 spark sshd[12421]: Received disconnect from 183.3.202.111: 11: [preauth]
Apr 15 09:01:07 spark sshd[12419]: Failed password for root from 182.100.67.59 port 33773 ssh2
Apr 15 09:01:08 spark sshd[12419]: pam_succeed_if(sshd:auth): requirement "uid >= 1000" not met by user "root"
Apr 15 09:01:08 spark sshd[12444]: pam_succeed_if(sshd:auth): requirement "uid >= 1000" not met by user "root"
Apr 15 09:01:08 spark sshd[12444]: pam_unix(sshd:auth): authentication failure; logname= uid=0 euid=0 tty=ssh ruser= rhost=183.3.202.111 user=root
Apr 15 09:01:10 spark sshd[12419]: Disconnecting: Too many authentication failures for root [preauth]
Apr 15 09:01:10 spark sshd[12419]: Failed password for root from 182.100.67.59 port 33773 ssh2
Apr 15 09:01:10 spark sshd[12419]: PAM 5 more authentication failures; logname= uid=0 euid=0 tty=ssh ruser= rhost=182.100.67.59 user=root
Apr 15 09:01:10 spark sshd[12419]: PAM service(sshd) ignoring max retries; 6 > 3
Apr 15 09:01:10 spark sshd[12444]: Failed password for root from 183.3.202.111 port 41481 ssh2
Apr 15 09:01:10 spark sshd[12444]: pam_succeed_if(sshd:auth): requirement "uid >= 1000" not met by user "root"
Apr 15 09:01:12 spark sshd[12444]: Failed password for root from 183.3.202.111 port 41481 ssh2
Apr 15 09:01:13 spark sshd[12444]: pam_succeed_if(sshd:auth): requirement "uid >= 1000" not met by user "root"
Apr 15 09:01:14 spark sshd[12444]: Failed password for root from 183.3.202.111 port 41481 ssh2
Apr 15 09:01:14 spark sshd[12446]: pam_succeed_if(sshd:auth): requirement "uid >= 1000" not met by user "root"
Apr 15 09:01:14 spark sshd[12446]: pam_unix(sshd:auth): authentication failure; logname= uid=0 euid=0 tty=ssh ruser= rhost=182.100.67.59 user=root
Apr 15 09:01:15 spark sshd[12444]: PAM 2 more authentication failures; logname= uid=0 euid=0 tty=ssh ruser= rhost=183.3.202.111 user=root
Apr 15 09:01:15 spark sshd[12444]: Received disconnect from 183.3.202.111: 11: [preauth]
Apr 15 09:01:16 spark sshd[12446]: Failed password for root from 182.100.67.59 port 52567 ssh2
Apr 15 09:01:17 spark sshd[12446]: pam_succeed_if(sshd:auth): requirement "uid >= 1000" not met by user "root"
Apr 15 09:01:17 spark sshd[12448]: pam_succeed_if(sshd:auth): requirement "uid >= 1000" not met by user "root"
Apr 15 09:01:17 spark sshd[12448]: pam_unix(sshd:auth): authentication failure; logname= uid=0 euid=0 tty=ssh ruser= rhost=183.3.202.111 user=root
Apr 15 09:01:18 spark sshd[12446]: Failed password for root from 182.100.67.59 port 52567 ssh2
Apr 15 09:01:19 spark sshd[12446]: pam_succeed_if(sshd:auth): requirement "uid >= 1000" not met by user "root"
Apr 15 09:01:19 spark sshd[12448]: Failed password for root from 183.3.202.111 port 19470 ssh2
Apr 15 09:01:19 spark sshd[12448]: pam_succeed_if(sshd:auth): requirement "uid >= 1000" not met by user "root"
Apr 15 09:01:21 spark sshd[12446]: Failed password for root from 182.100.67.59 port 52567 ssh2
Apr 15 09:01:22 spark sshd[12446]: pam_succeed_if(sshd:auth): requirement "uid >= 1000" not met by user "root"
Apr 15 09:01:22 spark sshd[12448]: Failed password for root from 183.3.202.111 port 19470 ssh2
Apr 15 09:01:22 spark sshd[12448]: pam_succeed_if(sshd:auth): requirement "uid >= 1000" not met by user "root"
Apr 15 09:01:24 spark sshd[12446]: Failed password for root from 182.100.67.59 port 52567 ssh2
Apr 15 09:01:24 spark sshd[12448]: Failed password for root from 183.3.202.111 port 19470 ssh2
Apr 15 09:01:24 spark sshd[12448]: PAM 2 more authentication failures; logname= uid=0 euid=0 tty=ssh ruser= rhost=183.3.202.111 user=root
Apr 15 09:01:24 spark sshd[12448]: Received disconnect from 183.3.202.111: 11: [preauth]
Apr 15 09:01:25 spark sshd[12446]: pam_succeed_if(sshd:auth): requirement "uid >= 1000" not met by user "root"
Apr 15 09:01:26 spark sshd[12446]: Failed password for root from 182.100.67.59 port 52567 ssh2
Apr 15 09:01:26 spark sshd[12450]: pam_succeed_if(sshd:auth): requirement "uid >= 1000" not met by user "root"
Apr 15 09:01:26 spark sshd[12450]: pam_unix(sshd:auth): authentication failure; logname= uid=0 euid=0 tty=ssh ruser= rhost=183.3.202.111 user=root
Apr 15 09:01:27 spark sshd[12446]: pam_succeed_if(sshd:auth): requirement "uid >= 1000" not met by user "root"
Apr 15 09:01:29 spark sshd[12450]: Failed password for root from 183.3.202.111 port 51386 ssh2
Apr 15 09:01:29 spark sshd[12450]: pam_succeed_if(sshd:auth): requirement "uid >= 1000" not met by user "root"
Apr 15 09:01:30 spark sshd[12446]: Disconnecting: Too many authentication failures for root [preauth]
Apr 15 09:01:30 spark sshd[12446]: Failed password for root from 182.100.67.59 port 52567 ssh2
Apr 15 09:01:30 spark sshd[12446]: PAM 5 more authentication failures; logname= uid=0 euid=0 tty=ssh ruser= rhost=182.100.67.59 user=root
Apr 15 09:01:30 spark sshd[12446]: PAM service(sshd) ignoring max retries; 6 > 3
Apr 15 09:01:31 spark sshd[12450]: Failed password for root from 183.3.202.111 port 51386 ssh2
Apr 15 09:01:31 spark sshd[12450]: pam_succeed_if(sshd:auth): requirement "uid >= 1000" not met by user "root"
Apr 15 09:01:33 spark sshd[12450]: Failed password for root from 183.3.202.111 port 51386 ssh2
Apr 15 09:01:34 spark sshd[12450]: PAM 2 more authentication failures; logname= uid=0 euid=0 tty=ssh ruser= rhost=183.3.202.111 user=root
Apr 15 09:01:34 spark sshd[12450]: Received disconnect from 183.3.202.111: 11: [preauth]
Apr 15 09:01:34 spark sshd[12452]: pam_succeed_if(sshd:auth): requirement "uid >= 1000" not met by user "root"
Apr 15 09:01:34 spark sshd[12452]: pam_unix(sshd:auth): authentication failure; logname= uid=0 euid=0 tty=ssh ruser= rhost=182.100.67.59 user=root
Apr 15 09:01:35 spark sshd[12454]: Accepted publickey for root from 54.239.25.200 port 49217 ssh2: RSA c1:3f:7e:75:8d:87:db:08:09:83:e1:33:a8:75:19:03
Apr 15 09:01:35 spark sshd[12454]: pam_unix(sshd:session): session opened for user root by (uid=0)
Apr 15 09:01:35 spark systemd: Created slice user-0.slice.
Apr 15 09:01:35 spark systemd-logind: New session 304 of user root.
Apr 15 09:01:35 spark systemd: Started Session 304 of user root.
Apr 15 09:01:35 spark systemd: Starting Session 304 of user root.
Apr 15 09:01:35 spark systemd: Starting user-0.slice.
Apr 15 09:01:36 spark sshd[12452]: Failed password for root from 182.100.67.59 port 6891 ssh2
Apr 15 09:01:37 spark sshd[12452]: pam_succeed_if(sshd:auth): requirement "uid >= 1000" not met by user "root"
Apr 15 09:01:40 spark sshd[12452]: Failed password for root from 182.100.67.59 port 6891 ssh2
Apr 15 09:01:41 spark sshd[12452]: pam_succeed_if(sshd:auth): requirement "uid >= 1000" not met by user "root"
Apr 15 09:01:41 spark sshd[12472]: pam_succeed_if(sshd:auth): requirement "uid >= 1000" not met by user "root"
Apr 15 09:01:41 spark sshd[12472]: pam_unix(sshd:auth): authentication failure; logname= uid=0 euid=0 tty=ssh ruser= rhost=183.3.202.111 user=root
Apr 15 09:01:43 spark sshd[12452]: Failed password for root from 182.100.67.59 port 6891 ssh2
Apr 15 09:01:43 spark sshd[12472]: Failed password for root from 183.3.202.111 port 49119 ssh2
Apr 15 09:01:44 spark sshd[12452]: pam_succeed_if(sshd:auth): requirement "uid >= 1000" not met by user "root"
Apr 15 09:01:44 spark sshd[12472]: pam_succeed_if(sshd:auth): requirement "uid >= 1000" not met by user "root"
Apr 15 09:01:46 spark sshd[12452]: Failed password for root from 182.100.67.59 port 6891 ssh2
Apr 15 09:01:46 spark sshd[12452]: pam_succeed_if(sshd:auth): requirement "uid >= 1000" not met by user "root"
Apr 15 09:01:46 spark sshd[12472]: Failed password for root from 183.3.202.111 port 49119 ssh2
Apr 15 09:01:46 spark sshd[12472]: pam_succeed_if(sshd:auth): requirement "uid >= 1000" not met by user "root"
Apr 15 09:01:48 spark sshd[12472]: Failed password for root from 183.3.202.111 port 49119 ssh2
Apr 15 09:01:49 spark sshd[12452]: Failed password for root from 182.100.67.59 port 6891 ssh2
Apr 15 09:01:49 spark sshd[12472]: PAM 2 more authentication failures; logname= uid=0 euid=0 tty=ssh ruser= rhost=183.3.202.111 user=root
